{"id":63,"date":"2018-12-08T10:54:04","date_gmt":"2018-12-08T09:54:04","guid":{"rendered":"http:\/\/waldorfkindergarten-steinheim.de\/?page_id=63"},"modified":"2019-02-10T11:31:27","modified_gmt":"2019-02-10T10:31:27","slug":"team","status":"publish","type":"page","link":"http:\/\/waldorfkindergarten-steinheim.de\/?page_id=63","title":{"rendered":"Team"},"content":{"rendered":"\n<p>In unserer eingruppigen Einrichtung arbeiten f\u00fcnf p\u00e4dagogische Fachkr\u00e4fte, davon vier mit der Zusatzausbildung zur Waldorferzieherin. Da in unserer Einrichtung auch bis zu drei Kinder mit besonderem F\u00f6rderbedarf betreut werden, sind zwei Mitarbeiterinnen f\u00fcr die Unterst\u00fctzung dieser Kinder zust\u00e4ndig. Qualifiziert f\u00fcr diese besondere Begleitung sind sie durch eine Fortbildung zur Inklusionserzieherin und eine Ausbildung zur Heilp\u00e4dagogin.<\/p>\n\n\n\n<p>Nach M\u00f6glichkeit unterst\u00fctzen Praktikantinnen und Praktikanten das Team. Ebenfalls besch\u00e4ftigen wir eine K\u00f6chin und eine Reinigungskraft. Einmal in der Woche kommt eine Sprachheilgestalterin in die Einrichtung und f\u00f6rdert die Kinder mit F\u00f6rderbedarf nach Absprache mit den Eltern im Bereich der Sprachentwicklung. Dieses Angebot muss von den Eltern selbstgetragen werden. Jeden Montag findet eine&nbsp; Eurythmiestunde &nbsp;f\u00fcr die Kinder ab dem dritten Lebensjahr mit einer Eurythmistin statt und donnerstags gibt es ein musikalisches&nbsp; Angebot f\u00fcr unsere \u00e4lteren Kinder, dieses leitet ein Musikp\u00e4dagoge.<\/p>\n","protected":false},"excerpt":{"rendered":"<p>In unserer eingruppigen Einrichtung arbeiten f\u00fcnf p\u00e4dagogische Fachkr\u00e4fte, davon vier mit der Zusatzausbildung zur Waldorferzieherin. Da in unserer Einrichtung auch bis zu drei Kinder mit besonderem F\u00f6rderbedarf betreut werden, sind zwei Mitarbeiterinnen f\u00fcr die Unterst\u00fctzung dieser Kinder zust\u00e4ndig. Qualifiziert f\u00fcr diese besondere Begleitung sind sie durch eine Fortbildung zur Inklusionserzieherin und eine Ausbildung zur Heilp\u00e4dagogin. &hellip; <a href=\"http:\/\/waldorfkindergarten-steinheim.de\/?page_id=63\" class=\"more-link\"><span class=\"screen-reader-text\">Team<\/span> weiterlesen <span class=\"meta-nav\">&rarr;<\/span><\/a><\/p>\n","protected":false},"author":1,"featured_media":0,"parent":2,"menu_order":0,"comment_status":"closed","ping_status":"closed","template":"","meta":[],"_links":{"self":[{"href":"http:\/\/waldorfkindergarten-steinheim.de\/index.php?rest_route=\/wp\/v2\/pages\/63"}],"collection":[{"href":"http:\/\/waldorfkindergarten-steinheim.de\/index.php?rest_route=\/wp\/v2\/pages"}],"about":[{"href":"http:\/\/waldorfkindergarten-steinheim.de\/index.php?rest_route=\/wp\/v2\/types\/page"}],"author":[{"embeddable":true,"href":"http:\/\/waldorfkindergarten-steinheim.de\/index.php?rest_route=\/wp\/v2\/users\/1"}],"replies":[{"embeddable":true,"href":"http:\/\/waldorfkindergarten-steinheim.de\/index.php?rest_route=%2Fwp%2Fv2%2Fcomments&post=63"}],"version-history":[{"count":4,"href":"http:\/\/waldorfkindergarten-steinheim.de\/index.php?rest_route=\/wp\/v2\/pages\/63\/revisions"}],"predecessor-version":[{"id":169,"href":"http:\/\/waldorfkindergarten-steinheim.de\/index.php?rest_route=\/wp\/v2\/pages\/63\/revisions\/169"}],"up":[{"embeddable":true,"href":"http:\/\/waldorfkindergarten-steinheim.de\/index.php?rest_route=\/wp\/v2\/pages\/2"}],"wp:attachment":[{"href":"http:\/\/waldorfkindergarten-steinheim.de\/index.php?rest_route=%2Fwp%2Fv2%2Fmedia&parent=63"}],"curies":[{"name":"wp","href":"https:\/\/api.w.org\/{rel}","templated":true}]}}

<p>In unserer eingruppigen Einrichtung arbeiten fünf pädagogische Fachkräfte, davon vier mit der Zusatzausbildung zur Waldorferzieherin. Da in unserer Einrichtung auch bis zu drei Kinder mit besonderem Förderbedarf betreut werden, sind zwei Mitarbeiterinnen für die Unterstützung dieser Kinder zuständig. Qualifiziert für diese besondere Begleitung sind sie durch eine Fortbildung zur Inklusionserzieherin und eine Ausbildung zur Heilpädagogin.</p>



<p>Nach Möglichkeit unterstützen Praktikantinnen und Praktikanten das Team. Ebenfalls beschäftigen wir eine Köchin und eine Reinigungskraft. Einmal in der Woche kommt eine Sprachheilgestalterin in die Einrichtung und fördert die Kinder mit Förderbedarf nach Absprache mit den Eltern im Bereich der Sprachentwicklung. Dieses Angebot muss von den Eltern selbstgetragen werden. Jeden Montag findet eine&nbsp; Eurythmiestunde &nbsp;für die Kinder ab dem dritten Lebensjahr mit einer Eurythmistin statt und donnerstags gibt es ein musikalisches&nbsp; Angebot für unsere älteren Kinder, dieses leitet ein Musikpädagoge.</p>

<p>In unserer eingruppigen Einrichtung arbeiten fünf pädagogische Fachkräfte, davon vier mit der Zusatzausbildung zur Waldorferzieherin. Da in unserer Einrichtung auch bis zu drei Kinder mit besonderem Förderbedarf betreut werden, sind zwei Mitarbeiterinnen für die Unterstützung dieser Kinder zuständig. Qualifiziert für diese besondere Begleitung sind sie durch eine Fortbildung zur Inklusionserzieherin und eine Ausbildung zur Heilpädagogin. &hellip; <a href="http://waldorfkindergarten-steinheim.de/?page_id=63" class="more-link"><span class="screen-reader-text">Team</span> weiterlesen <span class="meta-nav">&rarr;</span></a></p>
