{"id":54,"date":"2018-12-08T10:28:48","date_gmt":"2018-12-08T09:28:48","guid":{"rendered":"http:\/\/waldorfkindergarten-steinheim.de\/?page_id=54"},"modified":"2018-12-08T11:36:04","modified_gmt":"2018-12-08T10:36:04","slug":"anmeldung","status":"publish","type":"page","link":"http:\/\/waldorfkindergarten-steinheim.de\/?page_id=54","title":{"rendered":"Anmeldung"},"content":{"rendered":"\n<p>Wir sind eine eingruppige Einrichtung,die in der Regel 20 Kinder, aller Nationalit\u00e4ten und Konfessionen, im Alter zwischen zwei und sechs Jahren aufnimmt. Innerhalb dieser Gruppe werden bis zu drei Kinder mit besonderem F\u00f6rderbedarf inklusiv betreut. <\/p>\n\n\n\n<p>Sie k\u00f6nnen Ihr Kind jederzeit in unserer Einrichtung \u00fcber den <a href=\"http:\/\/kitaplaner.kreis-hoexter.de\/elternportal\">Kitaplaner der Kreises H\u00f6xter<\/a> anmelden. Eine gesonderte Anmeldewoche findet jedes Jahr im November statt (Bekanntgabe im Mitteilungsblatt der Stadt Steinheim).<\/p>\n\n\n\n<p>Durch eine Anmeldung in unserem Kindergarten nehmen Sie an unserem Aufnahmeverfahren teil.<\/p>\n\n\n\n<p><\/p>\n\n\n\n<p>Link: http:\/\/kitaplaner.kreis-hoexter.de\/elternportal<br><\/p>\n","protected":false},"excerpt":{"rendered":"<p>Wir sind eine eingruppige Einrichtung,die in der Regel 20 Kinder, aller Nationalit\u00e4ten und Konfessionen, im Alter zwischen zwei und sechs Jahren aufnimmt. Innerhalb dieser Gruppe werden bis zu drei Kinder mit besonderem F\u00f6rderbedarf inklusiv betreut. Sie k\u00f6nnen Ihr Kind jederzeit in unserer Einrichtung \u00fcber den Kitaplaner der Kreises H\u00f6xter anmelden. Eine gesonderte Anmeldewoche findet jedes &hellip; <a href=\"http:\/\/waldorfkindergarten-steinheim.de\/?page_id=54\" class=\"more-link\"><span class=\"screen-reader-text\">Anmeldung<\/span> weiterlesen <span class=\"meta-nav\">&rarr;<\/span><\/a><\/p>\n","protected":false},"author":1,"featured_media":0,"parent":0,"menu_order":6,"comment_status":"closed","ping_status":"closed","template":"","meta":[],"_links":{"self":[{"href":"http:\/\/waldorfkindergarten-steinheim.de\/index.php?rest_route=\/wp\/v2\/pages\/54"}],"collection":[{"href":"http:\/\/waldorfkindergarten-steinheim.de\/index.php?rest_route=\/wp\/v2\/pages"}],"about":[{"href":"http:\/\/waldorfkindergarten-steinheim.de\/index.php?rest_route=\/wp\/v2\/types\/page"}],"author":[{"embeddable":true,"href":"http:\/\/waldorfkindergarten-steinheim.de\/index.php?rest_route=\/wp\/v2\/users\/1"}],"replies":[{"embeddable":true,"href":"http:\/\/waldorfkindergarten-steinheim.de\/index.php?rest_route=%2Fwp%2Fv2%2Fcomments&post=54"}],"version-history":[{"count":1,"href":"http:\/\/waldorfkindergarten-steinheim.de\/index.php?rest_route=\/wp\/v2\/pages\/54\/revisions"}],"predecessor-version":[{"id":55,"href":"http:\/\/waldorfkindergarten-steinheim.de\/index.php?rest_route=\/wp\/v2\/pages\/54\/revisions\/55"}],"wp:attachment":[{"href":"http:\/\/waldorfkindergarten-steinheim.de\/index.php?rest_route=%2Fwp%2Fv2%2Fmedia&parent=54"}],"curies":[{"name":"wp","href":"https:\/\/api.w.org\/{rel}","templated":true}]}}

<p>Wir sind eine eingruppige Einrichtung,die in der Regel 20 Kinder, aller Nationalitäten und Konfessionen, im Alter zwischen zwei und sechs Jahren aufnimmt. Innerhalb dieser Gruppe werden bis zu drei Kinder mit besonderem Förderbedarf inklusiv betreut. </p>



<p>Sie können Ihr Kind jederzeit in unserer Einrichtung über den <a href="http://kitaplaner.kreis-hoexter.de/elternportal">Kitaplaner der Kreises Höxter</a> anmelden. Eine gesonderte Anmeldewoche findet jedes Jahr im November statt (Bekanntgabe im Mitteilungsblatt der Stadt Steinheim).</p>



<p>Durch eine Anmeldung in unserem Kindergarten nehmen Sie an unserem Aufnahmeverfahren teil.</p>



<p></p>



<p>Link: http://kitaplaner.kreis-hoexter.de/elternportal<br></p>

<p>Wir sind eine eingruppige Einrichtung,die in der Regel 20 Kinder, aller Nationalitäten und Konfessionen, im Alter zwischen zwei und sechs Jahren aufnimmt. Innerhalb dieser Gruppe werden bis zu drei Kinder mit besonderem Förderbedarf inklusiv betreut. Sie können Ihr Kind jederzeit in unserer Einrichtung über den Kitaplaner der Kreises Höxter anmelden. Eine gesonderte Anmeldewoche findet jedes &hellip; <a href="http://waldorfkindergarten-steinheim.de/?page_id=54" class="more-link"><span class="screen-reader-text">Anmeldung</span> weiterlesen <span class="meta-nav">&rarr;</span></a></p>
