{"id":48,"date":"2018-12-08T10:24:25","date_gmt":"2018-12-08T09:24:25","guid":{"rendered":"http:\/\/waldorfkindergarten-steinheim.de\/?page_id=48"},"modified":"2018-12-09T19:35:39","modified_gmt":"2018-12-09T18:35:39","slug":"aussengelaende","status":"publish","type":"page","link":"http:\/\/waldorfkindergarten-steinheim.de\/?page_id=48","title":{"rendered":"Au\u00dfengel\u00e4nde"},"content":{"rendered":"\n<div class=\"wp-block-image\"><figure class=\"aligncenter is-resized\"><img decoding=\"async\" loading=\"lazy\" src=\"http:\/\/waldorfkindergarten-steinheim.de\/wp-content\/uploads\/2018\/12\/P1100031-1024x680.jpg\" alt=\"\" class=\"wp-image-152\" width=\"512\" height=\"340\" srcset=\"http:\/\/waldorfkindergarten-steinheim.de\/wp-content\/uploads\/2018\/12\/P1100031-1024x680.jpg 1024w, http:\/\/waldorfkindergarten-steinheim.de\/wp-content\/uploads\/2018\/12\/P1100031-300x199.jpg 300w, http:\/\/waldorfkindergarten-steinheim.de\/wp-content\/uploads\/2018\/12\/P1100031-768x510.jpg 768w, http:\/\/waldorfkindergarten-steinheim.de\/wp-content\/uploads\/2018\/12\/P1100031.jpg 2048w\" sizes=\"(max-width: 512px) 100vw, 512px\" \/><\/figure><\/div>\n\n\n\n<ul class=\"wp-block-gallery columns-2 is-cropped wp-block-gallery-1 is-layout-flex\"><li class=\"blocks-gallery-item\"><figure><img decoding=\"async\" loading=\"lazy\" width=\"720\" height=\"480\" src=\"http:\/\/waldorfkindergarten-steinheim.de\/wp-content\/uploads\/2018\/12\/Gartensitzgruppe.jpg\" alt=\"\" data-id=\"153\" data-link=\"http:\/\/waldorfkindergarten-steinheim.de\/?attachment_id=153\" class=\"wp-image-153\" srcset=\"http:\/\/waldorfkindergarten-steinheim.de\/wp-content\/uploads\/2018\/12\/Gartensitzgruppe.jpg 720w, http:\/\/waldorfkindergarten-steinheim.de\/wp-content\/uploads\/2018\/12\/Gartensitzgruppe-300x200.jpg 300w\" sizes=\"(max-width: 720px) 100vw, 720px\" \/><\/figure><\/li><li class=\"blocks-gallery-item\"><figure><img decoding=\"async\" loading=\"lazy\" width=\"1024\" height=\"683\" src=\"http:\/\/waldorfkindergarten-steinheim.de\/wp-content\/uploads\/2018\/12\/2010_06_26-Johannifest-43-1-1024x683.jpg\" alt=\"\" data-id=\"155\" data-link=\"http:\/\/waldorfkindergarten-steinheim.de\/?attachment_id=155\" class=\"wp-image-155\" srcset=\"http:\/\/waldorfkindergarten-steinheim.de\/wp-content\/uploads\/2018\/12\/2010_06_26-Johannifest-43-1-1024x683.jpg 1024w, http:\/\/waldorfkindergarten-steinheim.de\/wp-content\/uploads\/2018\/12\/2010_06_26-Johannifest-43-1-300x200.jpg 300w, http:\/\/waldorfkindergarten-steinheim.de\/wp-content\/uploads\/2018\/12\/2010_06_26-Johannifest-43-1-768x512.jpg 768w\" sizes=\"(max-width: 1024px) 100vw, 1024px\" \/><\/figure><\/li><\/ul>\n\n\n\n<p>Unser Waldorfkindergarten ist von einem gro\u00dfen Au\u00dfengel\u00e4ndeumgeben, dass den Kindern viel Anreize zum Bewegen, Spielen und Entdecken gibt.Im gro\u00dfen Garten befinden sich eine Rutsche, zwei Schaukeln, ein kleinerSeilgarten zum Klettern, sowie mehrere Sandk\u00e4sten. Das mit H\u00fcgel durchzogeneund verwinkelte Gel\u00e4nde biete viele M\u00f6glichkeiten zum Verstecken. Die vielenkleinen Hecken, B\u00fcsche und B\u00e4ume lassen es mancherorts recht verwunschenwirken. Die Waldorfp\u00e4dagogik ist eine naturnahe P\u00e4dagogik. Wir gehen jeden Tag mit den Kindern nach drau\u00dfen in den Garten und manchmal sogar den ganzenVormittag in den Wald. Und das auch bei Wind und Wetter. So bewahren wir dieenge kindliche Beziehung zur Natur und unseren Mitgesch\u00f6pfen. Gemeinsam mit denKindern pflegen wir ein kleines Kr\u00e4uterbeet und im Sommer einen kleinen Blumen-und Gem\u00fcsegarten. Die Obstb\u00e4ume- und Str\u00e4ucher versorgen uns zus\u00e4tzlich mit Leckereien.<\/p>\n\n\n\n<ul class=\"wp-block-gallery aligncenter columns-1 wp-block-gallery-3 is-layout-flex\"><li class=\"blocks-gallery-item\"><figure><img decoding=\"async\" loading=\"lazy\" width=\"720\" height=\"480\" src=\"http:\/\/waldorfkindergarten-steinheim.de\/wp-content\/uploads\/2018\/12\/Au\u00dfengel\u00e4nde-Biotop-2.jpg\" alt=\"\" data-id=\"156\" data-link=\"http:\/\/waldorfkindergarten-steinheim.de\/?attachment_id=156\" class=\"wp-image-156\" srcset=\"http:\/\/waldorfkindergarten-steinheim.de\/wp-content\/uploads\/2018\/12\/Au\u00dfengel\u00e4nde-Biotop-2.jpg 720w, http:\/\/waldorfkindergarten-steinheim.de\/wp-content\/uploads\/2018\/12\/Au\u00dfengel\u00e4nde-Biotop-2-300x200.jpg 300w\" sizes=\"(max-width: 720px) 100vw, 720px\" \/><\/figure><\/li><\/ul>\n","protected":false},"excerpt":{"rendered":"<p>Unser Waldorfkindergarten ist von einem gro\u00dfen Au\u00dfengel\u00e4ndeumgeben, dass den Kindern viel Anreize zum Bewegen, Spielen und Entdecken gibt.Im gro\u00dfen Garten befinden sich eine Rutsche, zwei Schaukeln, ein kleinerSeilgarten zum Klettern, sowie mehrere Sandk\u00e4sten. Das mit H\u00fcgel durchzogeneund verwinkelte Gel\u00e4nde biete viele M\u00f6glichkeiten zum Verstecken. Die vielenkleinen Hecken, B\u00fcsche und B\u00e4ume lassen es mancherorts recht verwunschenwirken. &hellip; <a href=\"http:\/\/waldorfkindergarten-steinheim.de\/?page_id=48\" class=\"more-link\"><span class=\"screen-reader-text\">Au\u00dfengel\u00e4nde<\/span> weiterlesen <span class=\"meta-nav\">&rarr;<\/span><\/a><\/p>\n","protected":false},"author":1,"featured_media":0,"parent":15,"menu_order":5,"comment_status":"closed","ping_status":"closed","template":"","meta":[],"_links":{"self":[{"href":"http:\/\/waldorfkindergarten-steinheim.de\/index.php?rest_route=\/wp\/v2\/pages\/48"}],"collection":[{"href":"http:\/\/waldorfkindergarten-steinheim.de\/index.php?rest_route=\/wp\/v2\/pages"}],"about":[{"href":"http:\/\/waldorfkindergarten-steinheim.de\/index.php?rest_route=\/wp\/v2\/types\/page"}],"author":[{"embeddable":true,"href":"http:\/\/waldorfkindergarten-steinheim.de\/index.php?rest_route=\/wp\/v2\/users\/1"}],"replies":[{"embeddable":true,"href":"http:\/\/waldorfkindergarten-steinheim.de\/index.php?rest_route=%2Fwp%2Fv2%2Fcomments&post=48"}],"version-history":[{"count":4,"href":"http:\/\/waldorfkindergarten-steinheim.de\/index.php?rest_route=\/wp\/v2\/pages\/48\/revisions"}],"predecessor-version":[{"id":158,"href":"http:\/\/waldorfkindergarten-steinheim.de\/index.php?rest_route=\/wp\/v2\/pages\/48\/revisions\/158"}],"up":[{"embeddable":true,"href":"http:\/\/waldorfkindergarten-steinheim.de\/index.php?rest_route=\/wp\/v2\/pages\/15"}],"wp:attachment":[{"href":"http:\/\/waldorfkindergarten-steinheim.de\/index.php?rest_route=%2Fwp%2Fv2%2Fmedia&parent=48"}],"curies":[{"name":"wp","href":"https:\/\/api.w.org\/{rel}","templated":true}]}}

Außengelände

<div class="wp-block-image"><figure class="aligncenter is-resized"><img decoding="async" loading="lazy" src="http://waldorfkindergarten-steinheim.de/wp-content/uploads/2018/12/P1100031-1024x680.jpg" alt="" class="wp-image-152" width="512" height="340" srcset="http://waldorfkindergarten-steinheim.de/wp-content/uploads/2018/12/P1100031-1024x680.jpg 1024w, http://waldorfkindergarten-steinheim.de/wp-content/uploads/2018/12/P1100031-300x199.jpg 300w, http://waldorfkindergarten-steinheim.de/wp-content/uploads/2018/12/P1100031-768x510.jpg 768w, http://waldorfkindergarten-steinheim.de/wp-content/uploads/2018/12/P1100031.jpg 2048w" sizes="(max-width: 512px) 100vw, 512px" /></figure></div>



<ul class="wp-block-gallery columns-2 is-cropped wp-block-gallery-1 is-layout-flex"><li class="blocks-gallery-item"><figure><img decoding="async" loading="lazy" width="720" height="480" src="http://waldorfkindergarten-steinheim.de/wp-content/uploads/2018/12/Gartensitzgruppe.jpg" alt="" data-id="153" data-link="http://waldorfkindergarten-steinheim.de/?attachment_id=153" class="wp-image-153" srcset="http://waldorfkindergarten-steinheim.de/wp-content/uploads/2018/12/Gartensitzgruppe.jpg 720w, http://waldorfkindergarten-steinheim.de/wp-content/uploads/2018/12/Gartensitzgruppe-300x200.jpg 300w" sizes="(max-width: 720px) 100vw, 720px" /></figure></li><li class="blocks-gallery-item"><figure><img decoding="async" loading="lazy" width="1024" height="683" src="http://waldorfkindergarten-steinheim.de/wp-content/uploads/2018/12/2010_06_26-Johannifest-43-1-1024x683.jpg" alt="" data-id="155" data-link="http://waldorfkindergarten-steinheim.de/?attachment_id=155" class="wp-image-155" srcset="http://waldorfkindergarten-steinheim.de/wp-content/uploads/2018/12/2010_06_26-Johannifest-43-1-1024x683.jpg 1024w, http://waldorfkindergarten-steinheim.de/wp-content/uploads/2018/12/2010_06_26-Johannifest-43-1-300x200.jpg 300w, http://waldorfkindergarten-steinheim.de/wp-content/uploads/2018/12/2010_06_26-Johannifest-43-1-768x512.jpg 768w" sizes="(max-width: 1024px) 100vw, 1024px" /></figure></li></ul>



<p>Unser Waldorfkindergarten ist von einem großen Außengeländeumgeben, dass den Kindern viel Anreize zum Bewegen, Spielen und Entdecken gibt.Im großen Garten befinden sich eine Rutsche, zwei Schaukeln, ein kleinerSeilgarten zum Klettern, sowie mehrere Sandkästen. Das mit Hügel durchzogeneund verwinkelte Gelände biete viele Möglichkeiten zum Verstecken. Die vielenkleinen Hecken, Büsche und Bäume lassen es mancherorts recht verwunschenwirken. Die Waldorfpädagogik ist eine naturnahe Pädagogik. Wir gehen jeden Tag mit den Kindern nach draußen in den Garten und manchmal sogar den ganzenVormittag in den Wald. Und das auch bei Wind und Wetter. So bewahren wir dieenge kindliche Beziehung zur Natur und unseren Mitgeschöpfen. Gemeinsam mit denKindern pflegen wir ein kleines Kräuterbeet und im Sommer einen kleinen Blumen-und Gemüsegarten. Die Obstbäume- und Sträucher versorgen uns zusätzlich mit Leckereien.</p>



<ul class="wp-block-gallery aligncenter columns-1 wp-block-gallery-3 is-layout-flex"><li class="blocks-gallery-item"><figure><img decoding="async" loading="lazy" width="720" height="480" src="http://waldorfkindergarten-steinheim.de/wp-content/uploads/2018/12/Außengelände-Biotop-2.jpg" alt="" data-id="156" data-link="http://waldorfkindergarten-steinheim.de/?attachment_id=156" class="wp-image-156" srcset="http://waldorfkindergarten-steinheim.de/wp-content/uploads/2018/12/Außengelände-Biotop-2.jpg 720w, http://waldorfkindergarten-steinheim.de/wp-content/uploads/2018/12/Außengelände-Biotop-2-300x200.jpg 300w" sizes="(max-width: 720px) 100vw, 720px" /></figure></li></ul>

<p>Unser Waldorfkindergarten ist von einem großen Außengeländeumgeben, dass den Kindern viel Anreize zum Bewegen, Spielen und Entdecken gibt.Im großen Garten befinden sich eine Rutsche, zwei Schaukeln, ein kleinerSeilgarten zum Klettern, sowie mehrere Sandkästen. Das mit Hügel durchzogeneund verwinkelte Gelände biete viele Möglichkeiten zum Verstecken. Die vielenkleinen Hecken, Büsche und Bäume lassen es mancherorts recht verwunschenwirken. &hellip; <a href="http://waldorfkindergarten-steinheim.de/?page_id=48" class="more-link"><span class="screen-reader-text">Außengelände</span> weiterlesen <span class="meta-nav">&rarr;</span></a></p>
