{"id":34,"date":"2018-12-06T20:21:23","date_gmt":"2018-12-06T19:21:23","guid":{"rendered":"http:\/\/waldorfkindergarten-steinheim.de\/?page_id=34"},"modified":"2018-12-08T10:47:14","modified_gmt":"2018-12-08T09:47:14","slug":"inklusion","status":"publish","type":"page","link":"http:\/\/waldorfkindergarten-steinheim.de\/?page_id=34","title":{"rendered":"Inklusion"},"content":{"rendered":"<p>Wir arbeiten in unserem Kindergarten bereits seit 1997 inklusiv. Das bedeutet, dass in unserer Kindergartengruppe von 20 Kindern im Alter von 2 &#8211; 6 Jahren, bis zu drei Kinder einen besonderen F\u00f6rderbedarf aufgrund einer k\u00f6rperlichen, seelischen und\/oder geistigen Beeintr\u00e4chtigung haben. Uns ist es ein gro\u00dfes Anliegen, alle Kinder gemeinsam zu betreuen, damit sie sich gegenseitig in ihrer Entwicklung befruchten k\u00f6nnen. Eine zus\u00e4tzliche Inklusionserzieherin unterst\u00fctzt den Prozess der gegenseitigen R\u00fccksichtnahme, hilft durch intensive Zusammenarbeit mit den Eltern und Therapeuten beim Ausgleich ihrer Defizite und l\u00e4sst nach Absprache mit dem Team individuelle F\u00f6rderangebote in den Tagesablauf einflie\u00dfen. So haben wir einen Raum geschaffen, in dem die Kinder die M\u00f6glichkeit haben, die Vielfalt der Menschen in unserer Gesellschaft kennenzulernen, mit ihr umzugehen und an ihr zu wachsen.<\/p>\n","protected":false},"excerpt":{"rendered":"<p>Wir arbeiten in unserem Kindergarten bereits seit 1997 inklusiv. Das bedeutet, dass in unserer Kindergartengruppe von 20 Kindern im Alter von 2 &#8211; 6 Jahren, bis zu drei Kinder einen besonderen F\u00f6rderbedarf aufgrund einer k\u00f6rperlichen, seelischen und\/oder geistigen Beeintr\u00e4chtigung haben. Uns ist es ein gro\u00dfes Anliegen, alle Kinder gemeinsam zu betreuen, damit sie sich gegenseitig &hellip; <a href=\"http:\/\/waldorfkindergarten-steinheim.de\/?page_id=34\" class=\"more-link\"><span class=\"screen-reader-text\">Inklusion<\/span> weiterlesen <span class=\"meta-nav\">&rarr;<\/span><\/a><\/p>\n","protected":false},"author":1,"featured_media":0,"parent":32,"menu_order":1,"comment_status":"closed","ping_status":"closed","template":"","meta":[],"_links":{"self":[{"href":"http:\/\/waldorfkindergarten-steinheim.de\/index.php?rest_route=\/wp\/v2\/pages\/34"}],"collection":[{"href":"http:\/\/waldorfkindergarten-steinheim.de\/index.php?rest_route=\/wp\/v2\/pages"}],"about":[{"href":"http:\/\/waldorfkindergarten-steinheim.de\/index.php?rest_route=\/wp\/v2\/types\/page"}],"author":[{"embeddable":true,"href":"http:\/\/waldorfkindergarten-steinheim.de\/index.php?rest_route=\/wp\/v2\/users\/1"}],"replies":[{"embeddable":true,"href":"http:\/\/waldorfkindergarten-steinheim.de\/index.php?rest_route=%2Fwp%2Fv2%2Fcomments&post=34"}],"version-history":[{"count":1,"href":"http:\/\/waldorfkindergarten-steinheim.de\/index.php?rest_route=\/wp\/v2\/pages\/34\/revisions"}],"predecessor-version":[{"id":35,"href":"http:\/\/waldorfkindergarten-steinheim.de\/index.php?rest_route=\/wp\/v2\/pages\/34\/revisions\/35"}],"up":[{"embeddable":true,"href":"http:\/\/waldorfkindergarten-steinheim.de\/index.php?rest_route=\/wp\/v2\/pages\/32"}],"wp:attachment":[{"href":"http:\/\/waldorfkindergarten-steinheim.de\/index.php?rest_route=%2Fwp%2Fv2%2Fmedia&parent=34"}],"curies":[{"name":"wp","href":"https:\/\/api.w.org\/{rel}","templated":true}]}}

<p>Wir arbeiten in unserem Kindergarten bereits seit 1997 inklusiv. Das bedeutet, dass in unserer Kindergartengruppe von 20 Kindern im Alter von 2 &#8211; 6 Jahren, bis zu drei Kinder einen besonderen Förderbedarf aufgrund einer körperlichen, seelischen und/oder geistigen Beeinträchtigung haben. Uns ist es ein großes Anliegen, alle Kinder gemeinsam zu betreuen, damit sie sich gegenseitig in ihrer Entwicklung befruchten können. Eine zusätzliche Inklusionserzieherin unterstützt den Prozess der gegenseitigen Rücksichtnahme, hilft durch intensive Zusammenarbeit mit den Eltern und Therapeuten beim Ausgleich ihrer Defizite und lässt nach Absprache mit dem Team individuelle Förderangebote in den Tagesablauf einfließen. So haben wir einen Raum geschaffen, in dem die Kinder die Möglichkeit haben, die Vielfalt der Menschen in unserer Gesellschaft kennenzulernen, mit ihr umzugehen und an ihr zu wachsen.</p>

<p>Wir arbeiten in unserem Kindergarten bereits seit 1997 inklusiv. Das bedeutet, dass in unserer Kindergartengruppe von 20 Kindern im Alter von 2 &#8211; 6 Jahren, bis zu drei Kinder einen besonderen Förderbedarf aufgrund einer körperlichen, seelischen und/oder geistigen Beeinträchtigung haben. Uns ist es ein großes Anliegen, alle Kinder gemeinsam zu betreuen, damit sie sich gegenseitig &hellip; <a href="http://waldorfkindergarten-steinheim.de/?page_id=34" class="more-link"><span class="screen-reader-text">Inklusion</span> weiterlesen <span class="meta-nav">&rarr;</span></a></p>
