{"id":21,"date":"2018-12-06T20:13:05","date_gmt":"2018-12-06T19:13:05","guid":{"rendered":"http:\/\/waldorfkindergarten-steinheim.de\/?page_id=21"},"modified":"2018-12-08T10:43:23","modified_gmt":"2018-12-08T09:43:23","slug":"oeffnungszeiten","status":"publish","type":"page","link":"http:\/\/waldorfkindergarten-steinheim.de\/?page_id=21","title":{"rendered":"\u00d6ffnungszeiten"},"content":{"rendered":"<p><strong>\u00d6ffnungszeiten\/Bring- und Abholzeiten<\/strong><\/p>\n<p>Unser Kindergarten ist von montags bis donnerstags von 7.00 Uhr bis 16.00 Uhr ge\u00f6ffnet und freitags in der Zeit von 7.00 Uhr bis 14.00 Uhr. Die Kinder k\u00f6nnen ab 7.00 Uhr bis 8.30 Uhr in den Kindergarten gebracht werden. Sie k\u00f6nnen ein Stundenkontingent von 35 oder 45 Stunden buchen. Die Abholzeiten sind wie folgt geregelt:<\/p>\n<ul>\n<li>Vor dem Mittagessen 11:45 \u2013 12:30 Uhr<\/li>\n<li>Nach dem Mittagessen 12:20 \u2013 12:30 Uhr<\/li>\n<li>Nach dem Ruhen (35Std.) 13:30 \u2013 14:00 Uhr<\/li>\n<li>Im Nachmittag (45Std.) 14:00 \u2013 16:00 Uhr<\/li>\n<\/ul>\n","protected":false},"excerpt":{"rendered":"<p>\u00d6ffnungszeiten\/Bring- und Abholzeiten Unser Kindergarten ist von montags bis donnerstags von 7.00 Uhr bis 16.00 Uhr ge\u00f6ffnet und freitags in der Zeit von 7.00 Uhr bis 14.00 Uhr. Die Kinder k\u00f6nnen ab 7.00 Uhr bis 8.30 Uhr in den Kindergarten gebracht werden. Sie k\u00f6nnen ein Stundenkontingent von 35 oder 45 Stunden buchen. Die Abholzeiten sind &hellip; <a href=\"http:\/\/waldorfkindergarten-steinheim.de\/?page_id=21\" class=\"more-link\"><span class=\"screen-reader-text\">\u00d6ffnungszeiten<\/span> weiterlesen <span class=\"meta-nav\">&rarr;<\/span><\/a><\/p>\n","protected":false},"author":1,"featured_media":0,"parent":15,"menu_order":2,"comment_status":"closed","ping_status":"closed","template":"","meta":[],"_links":{"self":[{"href":"http:\/\/waldorfkindergarten-steinheim.de\/index.php?rest_route=\/wp\/v2\/pages\/21"}],"collection":[{"href":"http:\/\/waldorfkindergarten-steinheim.de\/index.php?rest_route=\/wp\/v2\/pages"}],"about":[{"href":"http:\/\/waldorfkindergarten-steinheim.de\/index.php?rest_route=\/wp\/v2\/types\/page"}],"author":[{"embeddable":true,"href":"http:\/\/waldorfkindergarten-steinheim.de\/index.php?rest_route=\/wp\/v2\/users\/1"}],"replies":[{"embeddable":true,"href":"http:\/\/waldorfkindergarten-steinheim.de\/index.php?rest_route=%2Fwp%2Fv2%2Fcomments&post=21"}],"version-history":[{"count":2,"href":"http:\/\/waldorfkindergarten-steinheim.de\/index.php?rest_route=\/wp\/v2\/pages\/21\/revisions"}],"predecessor-version":[{"id":25,"href":"http:\/\/waldorfkindergarten-steinheim.de\/index.php?rest_route=\/wp\/v2\/pages\/21\/revisions\/25"}],"up":[{"embeddable":true,"href":"http:\/\/waldorfkindergarten-steinheim.de\/index.php?rest_route=\/wp\/v2\/pages\/15"}],"wp:attachment":[{"href":"http:\/\/waldorfkindergarten-steinheim.de\/index.php?rest_route=%2Fwp%2Fv2%2Fmedia&parent=21"}],"curies":[{"name":"wp","href":"https:\/\/api.w.org\/{rel}","templated":true}]}}

Öffnungszeiten

<p><strong>Öffnungszeiten/Bring- und Abholzeiten</strong></p>
<p>Unser Kindergarten ist von montags bis donnerstags von 7.00 Uhr bis 16.00 Uhr geöffnet und freitags in der Zeit von 7.00 Uhr bis 14.00 Uhr. Die Kinder können ab 7.00 Uhr bis 8.30 Uhr in den Kindergarten gebracht werden. Sie können ein Stundenkontingent von 35 oder 45 Stunden buchen. Die Abholzeiten sind wie folgt geregelt:</p>
<ul>
<li>Vor dem Mittagessen 11:45 – 12:30 Uhr</li>
<li>Nach dem Mittagessen 12:20 – 12:30 Uhr</li>
<li>Nach dem Ruhen (35Std.) 13:30 – 14:00 Uhr</li>
<li>Im Nachmittag (45Std.) 14:00 – 16:00 Uhr</li>
</ul>

<p>Öffnungszeiten/Bring- und Abholzeiten Unser Kindergarten ist von montags bis donnerstags von 7.00 Uhr bis 16.00 Uhr geöffnet und freitags in der Zeit von 7.00 Uhr bis 14.00 Uhr. Die Kinder können ab 7.00 Uhr bis 8.30 Uhr in den Kindergarten gebracht werden. Sie können ein Stundenkontingent von 35 oder 45 Stunden buchen. Die Abholzeiten sind &hellip; <a href="http://waldorfkindergarten-steinheim.de/?page_id=21" class="more-link"><span class="screen-reader-text">Öffnungszeiten</span> weiterlesen <span class="meta-nav">&rarr;</span></a></p>
