{"id":15,"date":"2018-12-06T20:00:05","date_gmt":"2018-12-06T19:00:05","guid":{"rendered":"http:\/\/waldorfkindergarten-steinheim.de\/?page_id=15"},"modified":"2020-03-16T12:25:54","modified_gmt":"2020-03-16T11:25:54","slug":"termine","status":"publish","type":"page","link":"http:\/\/waldorfkindergarten-steinheim.de\/","title":{"rendered":"Unser Waldorfkindergarten"},"content":{"rendered":"<p>Die Elterninitiative Waldorfkindergarten Morgenstern ist eine kleine, famili\u00e4re, eingruppige Tageseinrichtung f\u00fcr Kinder. Unser vierk\u00f6pfiges Erzieherinnenteam betreut und f\u00f6rdert 21 Kinder im Alter von zwei Jahren bis zum Schuleintritt. Im Rahmen unseres Inklusionskonzeptes k\u00f6nnen bis zu drei Kinder mit besonderem F\u00f6rderbedarf im Gruppenverband betreut und gef\u00f6rdert werden. Eltern k\u00f6nnen bei uns zwischen einem Betreuungsbudget von 35 und 45 Wochenstunden w\u00e4hlen.<\/p>\n","protected":false},"excerpt":{"rendered":"<p>Die Elterninitiative Waldorfkindergarten Morgenstern ist eine kleine, famili\u00e4re, eingruppige Tageseinrichtung f\u00fcr Kinder. Unser vierk\u00f6pfiges Erzieherinnenteam betreut und f\u00f6rdert 21 Kinder im Alter von zwei Jahren bis zum Schuleintritt. Im Rahmen unseres Inklusionskonzeptes k\u00f6nnen bis zu drei Kinder mit besonderem F\u00f6rderbedarf im Gruppenverband betreut und gef\u00f6rdert werden. Eltern k\u00f6nnen bei uns zwischen einem Betreuungsbudget von 35 &hellip; <a href=\"http:\/\/waldorfkindergarten-steinheim.de\/\" class=\"more-link\"><span class=\"screen-reader-text\">Unser Waldorfkindergarten<\/span> weiterlesen <span class=\"meta-nav\">&rarr;<\/span><\/a><\/p>\n","protected":false},"author":1,"featured_media":0,"parent":0,"menu_order":1,"comment_status":"closed","ping_status":"closed","template":"","meta":[],"_links":{"self":[{"href":"http:\/\/waldorfkindergarten-steinheim.de\/index.php?rest_route=\/wp\/v2\/pages\/15"}],"collection":[{"href":"http:\/\/waldorfkindergarten-steinheim.de\/index.php?rest_route=\/wp\/v2\/pages"}],"about":[{"href":"http:\/\/waldorfkindergarten-steinheim.de\/index.php?rest_route=\/wp\/v2\/types\/page"}],"author":[{"embeddable":true,"href":"http:\/\/waldorfkindergarten-steinheim.de\/index.php?rest_route=\/wp\/v2\/users\/1"}],"replies":[{"embeddable":true,"href":"http:\/\/waldorfkindergarten-steinheim.de\/index.php?rest_route=%2Fwp%2Fv2%2Fcomments&post=15"}],"version-history":[{"count":10,"href":"http:\/\/waldorfkindergarten-steinheim.de\/index.php?rest_route=\/wp\/v2\/pages\/15\/revisions"}],"predecessor-version":[{"id":211,"href":"http:\/\/waldorfkindergarten-steinheim.de\/index.php?rest_route=\/wp\/v2\/pages\/15\/revisions\/211"}],"wp:attachment":[{"href":"http:\/\/waldorfkindergarten-steinheim.de\/index.php?rest_route=%2Fwp%2Fv2%2Fmedia&parent=15"}],"curies":[{"name":"wp","href":"https:\/\/api.w.org\/{rel}","templated":true}]}}

<p>Die Elterninitiative Waldorfkindergarten Morgenstern ist eine kleine, familiäre, eingruppige Tageseinrichtung für Kinder. Unser vierköpfiges Erzieherinnenteam betreut und fördert 21 Kinder im Alter von zwei Jahren bis zum Schuleintritt. Im Rahmen unseres Inklusionskonzeptes können bis zu drei Kinder mit besonderem Förderbedarf im Gruppenverband betreut und gefördert werden. Eltern können bei uns zwischen einem Betreuungsbudget von 35 und 45 Wochenstunden wählen.</p>

<p>Die Elterninitiative Waldorfkindergarten Morgenstern ist eine kleine, familiäre, eingruppige Tageseinrichtung für Kinder. Unser vierköpfiges Erzieherinnenteam betreut und fördert 21 Kinder im Alter von zwei Jahren bis zum Schuleintritt. Im Rahmen unseres Inklusionskonzeptes können bis zu drei Kinder mit besonderem Förderbedarf im Gruppenverband betreut und gefördert werden. Eltern können bei uns zwischen einem Betreuungsbudget von 35 &hellip; <a href="http://waldorfkindergarten-steinheim.de/" class="more-link"><span class="screen-reader-text">Unser Waldorfkindergarten</span> weiterlesen <span class="meta-nav">&rarr;</span></a></p>
